 32 and 498?
2
Calculate the highest common divisor of 64469 and 92.
23
Calculate the highest common factor of 90 and 272970.
90
What is the highest common divisor of 58 and 370939?
29
What is the highest common factor of 12940 and 265917?
647
Calculate the greatest common divisor of 128 and 527488.
128
What is the greatest common factor of 9217 and 507?
13
Calculate the highest common factor of 79 and 1464581.
79
Calculate the highest common factor of 2610 and 4770.
90
Calculate the greatest common divisor of 18 and 43839.
9
Calculate the highest common factor of 256 and 14192.
16
What is the highest common factor of 1809 and 115709?
67
Calculate the greatest common factor of 26680 and 22504.
232
What is the greatest common divisor of 4996082 and 26?
26
What is the highest common factor of 24 and 143124?
12
What is the highest common factor of 311796 and 27?
27
What is the highest common factor of 38912 and 45824?
256
Calculate the highest common factor of 9 and 21366.
9
What is the highest common divisor of 2070 and 990?
90
What is the highest common divisor of 40528 and 4352?
272
Calculate the highest common divisor of 612 and 8748.
36
What is the greatest common factor of 342 and 156066?
114
Calculate the highest common divisor of 827191 and 172.
43
What is the greatest common factor of 112 and 3801392?
112
What is the highest common factor of 21340 and 440?
220
What is the greatest common divisor of 651 and 1344?
21
Calculate the highest common factor of 80 and 175095.
5
Calculate the highest common factor of 5856 and 139812.
732
What is the highest common divisor of 1276159 and 278?
139
What is the highest common factor of 216 and 157788?
108
What is the greatest common factor of 132 and 136928?
44
What is the greatest common divisor of 1391303 and 159?
53
What is the highest common factor of 476 and 41242?
34
What is the highest common divisor of 15430 and 683549?
1543
What is the greatest common divisor of 283481 and 33?
11
Calculate the highest common divisor of 903 and 16512.
129
Calculate the highest common factor of 9271 and 1143.
127
Calculate the highest common factor of 585 and 1054989.
117
Calculate the highest common factor of 19591 and 2288.
143
What is the highest common factor of 68775 and 700?
175
Calculate the greatest common factor of 22327 and 19099.
269
Calculate the highest common divisor of 520 and 68536.
104
Calculate the highest common divisor of 24 and 9708.
12
What is the greatest common factor of 66 and 13218?
6
What is the greatest common factor of 153531 and 1197?
63
Calculate the highest common factor of 1631 and 35.
7
Calculate the greatest common factor of 9004523 and 253.
253
Calculate the highest common divisor of 179741 and 34.
17
What is the highest common divisor of 2352 and 14952?
168
What is the highest common factor of 202245 and 695?
695
What is the highest common divisor of 3392 and 389656?
424
What is the greatest common divisor of 961367 and 106?
53
What is the greatest common divisor of 116214 and 168?
42
What is the greatest common divisor of 7168377 and 38?
19
Calculate the greatest common divisor of 114510 and 2970.
330
Calculate the greatest common divisor of 6432 and 4992.
96
What is the highest common factor of 115412 and 8041?
473
What is the greatest common divisor of 543225 and 75?
75
Calculate the greatest common factor of 6 and 30120.
6
What is the greatest common factor of 40 and 3759710?
10
Calculate the greatest common divisor of 4219 and 4.
1
What is the highest common divisor of 48067 and 142?
71
Calculate the highest common factor of 9075 and 99099.
363
Calculate the highest common divisor of 138 and 1305618.
138
Calculate the highest common factor of 14 and 45745.
7
Calculate the highest common factor of 2758 and 424338.
394
What is the highest common divisor of 142367 and 32509?
1121
What is the highest common factor of 1233 and 18?
9
Calculate the greatest common divisor of 2169 and 64588.
241
What is the highest common factor of 45 and 258642?
9
Calculate the greatest common factor of 99384 and 120.
24
What is the highest common factor of 1673905 and 235?
235
Calculate the highest common factor of 10678 and 829512.
562
Calculate the greatest common divisor of 876 and 93294.
438
Calculate the greatest common factor of 10201 and 808.
101
What is the highest common divisor of 222 and 146?
2
Calculate the greatest common divisor of 185 and 5570.
5
Calculate the greatest common factor of 27 and 96039.
27
Calculate the highest common factor of 160 and 42320.
80
What is the highest common divisor of 47613 and 4248?
177
What is the greatest common divisor of 3225 and 240?
15
Calculate the greatest common factor of 18781 and 14.
7
What is the greatest common divisor of 649 and 47520?
11
What is the highest common factor of 37504 and 40?
8
Calculate the highest common factor of 53365 and 3874.
13
Calculate the greatest common divisor of 69530 and 490.
10
Calculate the greatest common divisor of 3255 and 33985.
35
Calculate the greatest common factor of 190 and 1200838.
38
What is the highest common divisor of 12 and 503132?
4
Calculate the highest common divisor of 260 and 103540.
20
What is the greatest common divisor of 826 and 32450?
118
What is the greatest common factor of 48256 and 6526?
26
What is the highest common factor of 594 and 1474?
22
What is the greatest common divisor of 530 and 5035?
265
What is the highest common divisor of 40174 and 13250?
106
Calculate the greatest common factor of 5672 and 24.
8
Calculate the highest common divisor of 1670781 and 42.
21
Calculate the greatest common factor of 145 and 229477.
29
What is the highest common factor of 1017684 and 756?
108
Calculate the highest common factor of 19 and 375497.
19
Calculate the greatest common divisor of 1080 and 9446760.
1080
What is the highest common divisor of 90 and 6528?
6
Calculate the greatest common factor of 271 and 96476.
271
Calculate the highest common factor of 33381 and 9.
9
Calculate the highest common factor of 1370274 and 1667.
1667
Calculate the highest common factor of 19402 and 2314.
178
Calculate the highest common divisor of 175 and 18925.
25
Calculate the highest common divisor of 420035 and 1925.
385
Calculate the greatest common divisor of 316 and 3370693.
79
Calculate the greatest common divisor of 111492 and 456.
228
Calculate the greatest common divisor of 34 and 119901.
17
What is the highest common factor of 1490892 and 988?
988
Calculate the greatest common factor of 429760 and 632.
632
What is the greatest common factor of 349156 and 1066?
82
Calculate the highest common factor of 1838934 and 38.
38
What is the greatest common divisor of 115 and 70955?
115
Calculate the highest common divisor of 43520 and 210.
10
Calculate the greatest common divisor of 334 and 103373.
167
What is the greatest common divisor of 3185 and 42?
7
Calculate the greatest common divisor of 1282 and 5893354.
1282
What is the highest common factor of 534 and 74226?
534
Calculate the greatest common divisor of 215328 and 1536.
96
What is the greatest common divisor of 8190 and 8385?
195
What is the greatest common factor of 6165 and 549?
9
Calculate the highest common factor of 229935 and 1965.
15
What is the highest common divisor of 1692 and 52264?
188
Calculate the highest common divisor of 22504 and 873.
97
What is the highest common divisor of 579256 and 488?
488
What is the greatest common divisor of 8268 and 3900?
156
Calculate the highest common factor of 694937 and 7915.
1583
What is the highest common divisor of 3735 and 99?
9
Calculate the highest common divisor of 1344 and 3088.
16
Calculate the highest common factor of 113829 and 19.
19
What is the highest common factor of 14211 and 18?
9
Calculate the greatest common factor of 1196 and 636962.
46
Calculate the greatest common divisor of 222 and 264.
6
What is the highest common factor of 19295 and 153?
17
What is the highest common factor of 1817475 and 4125?
825
What is the greatest common factor of 5085 and 195?
15
Calculate the greatest common divisor of 63 and 330981.
21
What is the highest common divisor of 1962 and 91560?
654
What is the greatest common divisor of 7348901 and 7?
7
Calculate the greatest common divisor of 